{"id":59,"date":"2022-03-21T11:31:59","date_gmt":"2022-03-21T11:31:59","guid":{"rendered":"https:\/\/medalbooking.com\/shop\/?post_type=product&#038;p=59"},"modified":"2024-08-10T10:11:33","modified_gmt":"2024-08-10T10:11:33","slug":"jak-kupic-mieszkanie-w-hiszpanii-ebook","status":"publish","type":"product","link":"https:\/\/medalbooking.com\/shop\/product\/jak-kupic-mieszkanie-w-hiszpanii-ebook\/","title":{"rendered":"Jak kupi\u0107 mieszkanie w hiszpanii? &#8211; ebook"},"content":{"rendered":"<p>Decyduj\u0105c si\u0119 na kupno mieszkania za granic\u0105 podejmujemy bardzo wa\u017cny krok. Inwestycja nie uda si\u0119 je\u017celi nie mamy rozeznania w realiach kraju. Do podj\u0119cia takiej decyzji powinni\u015bmy si\u0119 przygotowa\u0107 w czym mo\u017ce nam pom\u00f3c poni\u017cszy ebook &#8211; Jak kupi\u0107 mieszkanie w Hiszpanii?<\/p>\n<p>W tym ebooku zamie\u015bci\u0142em odpowiedzi na pytania, kt\u00f3re zadaj\u0105 mi znajomi i ludzie, kt\u00f3rzy rozwa\u017caj\u0105 zakup mieszkania w Hiszpanii. Poni\u017cej punkty opieram na moim do\u015bwiadczeniu lub konsultowa\u0142em z osobami, kt\u00f3re pomaga\u0142y na w ca\u0142ym procesie.<\/p>\n<p>Ksi\u0105\u017ck\u0119 rozwijam ca\u0142y czas, gdy\u017c powstaj\u0105 nowe pytania i na bie\u017c\u0105co s\u0105 dodawane do kolejnych wersji ebooka.<\/p>\n<p>&nbsp;<\/p>\n<p>Spis tre\u015bci:<\/p>\n<ol class=\"ProsemirrorEditor-list\">\n<li class=\"ProsemirrorEditor-listItem\" data-list-indent=\"1\" data-list-type=\"numbered\">Jaki jest cel zakupu mojego mieszkania ?<\/li>\n<li class=\"ProsemirrorEditor-listItem\" data-list-indent=\"1\" data-list-type=\"numbered\">Jaki region w Hiszpanii wybra\u0107 na zakup mieszkania ?<\/li>\n<li class=\"ProsemirrorEditor-listItem\" data-list-indent=\"1\" data-list-type=\"numbered\">Jak wybra\u0107 dobr\u0105 miejscowo\u015b\u0107, w kt\u00f3rej chce kupi\u0107 mieszkanie?<\/li>\n<li class=\"ProsemirrorEditor-listItem\" data-list-indent=\"1\" data-list-type=\"numbered\">Czy mog\u0119 kupi\u0107 mieszkanie zdalnie bez przyje\u017cd\u017cania i ogl\u0105dania go?<\/li>\n<li class=\"ProsemirrorEditor-listItem\" data-list-indent=\"1\" data-list-type=\"numbered\">Gdzie szuka\u0107 ofert mieszka\u0144 w internecie?<\/li>\n<li class=\"ProsemirrorEditor-listItem\" data-list-indent=\"1\" data-list-type=\"numbered\">Za ile mog\u0119 kupi\u0107 mieszkanie w Hiszpanii?<\/li>\n<li class=\"ProsemirrorEditor-listItem\" data-list-indent=\"1\" data-list-type=\"numbered\">Jakie s\u0105 formy finansowania mieszkania?<\/li>\n<li class=\"ProsemirrorEditor-listItem\" data-list-indent=\"1\" data-list-type=\"numbered\">Jak wybra\u0107 po\u015brednika do zakupu mieszkania?<\/li>\n<li class=\"ProsemirrorEditor-listItem\" data-list-indent=\"1\" data-list-type=\"numbered\">Jak wygl\u0105da akt notarialny ?<\/li>\n<li class=\"ProsemirrorEditor-listItem\" data-list-indent=\"1\" data-list-type=\"numbered\">Ile czasu trwa transakcja zakupu mieszkania w Hiszpanii ?<\/li>\n<li class=\"ProsemirrorEditor-listItem\" data-list-indent=\"1\" data-list-type=\"numbered\">Czy to jest bezpieczne, sk\u0105d wiem \u017ce sprzedaj\u0105cy jest uczciwy?<\/li>\n<li class=\"ProsemirrorEditor-listItem\" data-list-indent=\"1\" data-list-type=\"numbered\">Ile wynosi pierwsza rata lub zaliczka na mieszkanie?<\/li>\n<li class=\"ProsemirrorEditor-listItem\" data-list-indent=\"1\" data-list-type=\"numbered\">Jak si\u0119 przygotowa\u0107 przed przylotem do Hiszpanii?<\/li>\n<li class=\"ProsemirrorEditor-listItem\" data-list-indent=\"1\" data-list-type=\"numbered\">Jak w temacie latania i covid? Jakie s\u0105 wymagania?<\/li>\n<li class=\"ProsemirrorEditor-listItem\" data-list-indent=\"1\" data-list-type=\"numbered\">Jak przelewa\u0107 tanio walut\u0119 euro na konto w Hiszpanii?<\/li>\n<li class=\"ProsemirrorEditor-listItem\" data-list-indent=\"1\" data-list-type=\"numbered\">Jak wybra\u0107 dobre mieszkanie ?<\/li>\n<li class=\"ProsemirrorEditor-listItem\" data-list-indent=\"1\" data-list-type=\"numbered\">Czy musz\u0119 mie\u0107 konto bankowe w Hiszpanii czy mog\u0119 mie\u0107 w swoim kraju w walucie euro?<\/li>\n<li class=\"ProsemirrorEditor-listItem\" data-list-indent=\"1\" data-list-type=\"numbered\">Czy potrzebuje nr NIE?<\/li>\n<li class=\"ProsemirrorEditor-listItem\" data-list-indent=\"1\" data-list-type=\"numbered\">Jak wyrobi\u0107 numer NIE do cel\u00f3w podatkowych ?<\/li>\n<li class=\"ProsemirrorEditor-listItem\" data-list-indent=\"1\" data-list-type=\"numbered\">Czy mo\u017cna wynajmowa\u0107 mieszkanie kt\u00f3re kupi\u0119?<\/li>\n<li class=\"ProsemirrorEditor-listItem\" data-list-indent=\"1\" data-list-type=\"numbered\">Jaka jest rentowno\u015b\u0107 wynajmu ?<\/li>\n<li class=\"ProsemirrorEditor-listItem\" data-list-indent=\"1\" data-list-type=\"numbered\">Kto si\u0119 zajmuje obs\u0142ug\u0105 mieszkania?<\/li>\n<li class=\"ProsemirrorEditor-listItem\" data-list-indent=\"1\" data-list-type=\"numbered\">Jak znale\u017a\u0107 bilet do Hiszpanii w dobrej cenie ?<\/li>\n<li class=\"ProsemirrorEditor-listItem\" data-list-indent=\"1\" data-list-type=\"numbered\">Jakie s\u0105 podatki przy zakupie mieszkania w hiszpanii oraz jakie s\u0105 inne z tym zwi\u0105zane op\u0142aty?<\/li>\n<li class=\"ProsemirrorEditor-listItem\" data-list-indent=\"1\" data-list-type=\"numbered\">Ile kosztuje utrzymanie mieszkania ?<\/li>\n<li class=\"ProsemirrorEditor-listItem\" data-list-indent=\"1\" data-list-type=\"numbered\">Czy wybra\u0107 rynek pierwotny czy wt\u00f3rny?<\/li>\n<li class=\"ProsemirrorEditor-listItem\" data-list-indent=\"1\" data-list-type=\"numbered\">Jakie s\u0105 koszty codziennego \u017cycia ?<\/li>\n<li class=\"ProsemirrorEditor-listItem\" data-list-indent=\"1\" data-list-type=\"numbered\">Ile czasu trwa przygotowanie oferty przez po\u015brednika?<\/li>\n<li class=\"ProsemirrorEditor-listItem\" data-list-indent=\"1\" data-list-type=\"numbered\">Ile musz\u0119 obejrze\u0107 mieszka\u0144 by wybra\u0107 to odpowiednie ?<\/li>\n<li class=\"ProsemirrorEditor-listItem\" data-list-indent=\"1\" data-list-type=\"numbered\">Co to jest ocupas?<\/li>\n<li class=\"ProsemirrorEditor-listItem\" data-list-indent=\"1\" data-list-type=\"numbered\">Ile czasu trwa wyrobienie licencji turystycznej ?<\/li>\n<li class=\"ProsemirrorEditor-listItem\" data-list-indent=\"1\" data-list-type=\"numbered\">Co to jest solarium?<\/li>\n<li class=\"ProsemirrorEditor-listItem\" data-list-indent=\"1\" data-list-type=\"numbered\">O co chodzi z ilo\u015bci\u0105 sypialniami lub pokoi?<\/li>\n<\/ol>\n<p>Po zakupie ebooka, w ci\u0105gu 7 dni z ch\u0119ci\u0105 odpowiemy na wszelkie pytania powi\u0105zane z tematem ksi\u0105\u017cki, a kt\u00f3rych nie znale\u017ali\u015bcie Pa\u0144stwo w ebooku.<\/p>\n<p>&nbsp;<\/p>\n<p>Format strony: A5<br \/>\nStron: 25<br \/>\nFormaty plik\u00f3w: pdf, epub, mobi<\/p>\n","protected":false},"excerpt":{"rendered":"<p>Decyduj\u0105c si\u0119 na kupno mieszkania za granic\u0105 podejmujemy bardzo wa\u017cny krok. Inwestycja nie uda si\u0119 je\u017celi nie mamy rozeznania w realiach kraju. Do podj\u0119cia takiej decyzji powinni\u015bmy si\u0119 przygotowa\u0107 w czym mo\u017ce nam pom\u00f3c poni\u017cszy ebook &#8211; Jak kupi\u0107 mieszkanie w Hiszpanii? W tym ebooku zamie\u015bci\u0142em odpowiedzi na pytania, kt\u00f3re zadaj\u0105 mi znajomi i ludzie, [&hellip;]<\/p>\n","protected":false},"featured_media":72,"comment_status":"open","ping_status":"closed","template":"","meta":[],"product_cat":[16],"product_tag":[],"yoast_head":"<!-- This site is optimized with the Yoast SEO plugin v18.4 - https:\/\/yoast.com\/wordpress\/plugins\/seo\/ -->\n<title>Jak kupi\u0107 mieszkanie w hiszpanii? - ebook - Shop Medal Booking<\/title>\n<meta name=\"robots\" content=\"index, follow, max-snippet:-1, max-image-preview:large, max-video-preview:-1\" \/>\n<link rel=\"canonical\" href=\"https:\/\/medalbooking.com\/shop\/product\/jak-kupic-mieszkanie-w-hiszpanii-ebook\/\" \/>\n<meta property=\"og:locale\" content=\"en_US\" \/>\n<meta property=\"og:type\" content=\"article\" \/>\n<meta property=\"og:title\" content=\"Jak kupi\u0107 mieszkanie w hiszpanii? - ebook - Shop Medal Booking\" \/>\n<meta property=\"og:description\" content=\"Decyduj\u0105c si\u0119 na kupno mieszkania za granic\u0105 podejmujemy bardzo wa\u017cny krok. Inwestycja nie uda si\u0119 je\u017celi nie mamy rozeznania w realiach kraju. Do podj\u0119cia takiej decyzji powinni\u015bmy si\u0119 przygotowa\u0107 w czym mo\u017ce nam pom\u00f3c poni\u017cszy ebook &#8211; Jak kupi\u0107 mieszkanie w Hiszpanii? W tym ebooku zamie\u015bci\u0142em odpowiedzi na pytania, kt\u00f3re zadaj\u0105 mi znajomi i ludzie, [&hellip;]\" \/>\n<meta property=\"og:url\" content=\"https:\/\/medalbooking.com\/shop\/product\/jak-kupic-mieszkanie-w-hiszpanii-ebook\/\" \/>\n<meta property=\"og:site_name\" content=\"Shop Medal Booking\" \/>\n<meta property=\"article:modified_time\" content=\"2024-08-10T10:11:33+00:00\" \/>\n<meta property=\"og:image\" content=\"https:\/\/medalbooking.com\/shop\/wp-content\/uploads\/2022\/03\/kindle-update-1560728_640.jpg\" \/>\n\t<meta property=\"og:image:width\" content=\"640\" \/>\n\t<meta property=\"og:image:height\" content=\"423\" \/>\n\t<meta property=\"og:image:type\" content=\"image\/jpeg\" \/>\n<meta name=\"twitter:card\" content=\"summary_large_image\" \/>\n<meta name=\"twitter:label1\" content=\"Est. reading time\" \/>\n\t<meta name=\"twitter:data1\" content=\"2 minutes\" \/>\n<script type=\"application\/ld+json\" class=\"yoast-schema-graph\">{\"@context\":\"https:\/\/schema.org\",\"@graph\":[{\"@type\":\"WebSite\",\"@id\":\"https:\/\/medalbooking.com\/shop\/#website\",\"url\":\"https:\/\/medalbooking.com\/shop\/\",\"name\":\"Shop Medal Booking\",\"description\":\"\",\"potentialAction\":[{\"@type\":\"SearchAction\",\"target\":{\"@type\":\"EntryPoint\",\"urlTemplate\":\"https:\/\/medalbooking.com\/shop\/?s={search_term_string}\"},\"query-input\":\"required name=search_term_string\"}],\"inLanguage\":\"en\"},{\"@type\":\"ImageObject\",\"@id\":\"https:\/\/medalbooking.com\/shop\/product\/jak-kupic-mieszkanie-w-hiszpanii-ebook\/#primaryimage\",\"inLanguage\":\"en\",\"url\":\"https:\/\/medalbooking.com\/shop\/wp-content\/uploads\/2022\/03\/kindle-update-1560728_640.jpg\",\"contentUrl\":\"https:\/\/medalbooking.com\/shop\/wp-content\/uploads\/2022\/03\/kindle-update-1560728_640.jpg\",\"width\":640,\"height\":423},{\"@type\":\"WebPage\",\"@id\":\"https:\/\/medalbooking.com\/shop\/product\/jak-kupic-mieszkanie-w-hiszpanii-ebook\/#webpage\",\"url\":\"https:\/\/medalbooking.com\/shop\/product\/jak-kupic-mieszkanie-w-hiszpanii-ebook\/\",\"name\":\"Jak kupi\u0107 mieszkanie w hiszpanii? - ebook - Shop Medal Booking\",\"isPartOf\":{\"@id\":\"https:\/\/medalbooking.com\/shop\/#website\"},\"primaryImageOfPage\":{\"@id\":\"https:\/\/medalbooking.com\/shop\/product\/jak-kupic-mieszkanie-w-hiszpanii-ebook\/#primaryimage\"},\"datePublished\":\"2022-03-21T11:31:59+00:00\",\"dateModified\":\"2024-08-10T10:11:33+00:00\",\"breadcrumb\":{\"@id\":\"https:\/\/medalbooking.com\/shop\/product\/jak-kupic-mieszkanie-w-hiszpanii-ebook\/#breadcrumb\"},\"inLanguage\":\"en\",\"potentialAction\":[{\"@type\":\"ReadAction\",\"target\":[\"https:\/\/medalbooking.com\/shop\/product\/jak-kupic-mieszkanie-w-hiszpanii-ebook\/\"]}]},{\"@type\":\"BreadcrumbList\",\"@id\":\"https:\/\/medalbooking.com\/shop\/product\/jak-kupic-mieszkanie-w-hiszpanii-ebook\/#breadcrumb\",\"itemListElement\":[{\"@type\":\"ListItem\",\"position\":1,\"name\":\"Home\",\"item\":\"https:\/\/medalbooking.com\/shop\/\"},{\"@type\":\"ListItem\",\"position\":2,\"name\":\"Shop\",\"item\":\"https:\/\/medalbooking.com\/shop\/\"},{\"@type\":\"ListItem\",\"position\":3,\"name\":\"Jak kupi\u0107 mieszkanie w hiszpanii? &#8211; ebook\"}]}]}<\/script>\n<!-- \/ Yoast SEO plugin. -->","yoast_head_json":{"title":"Jak kupi\u0107 mieszkanie w hiszpanii? - ebook - Shop Medal Booking","robots":{"index":"index","follow":"follow","max-snippet":"max-snippet:-1","max-image-preview":"max-image-preview:large","max-video-preview":"max-video-preview:-1"},"canonical":"https:\/\/medalbooking.com\/shop\/product\/jak-kupic-mieszkanie-w-hiszpanii-ebook\/","og_locale":"en_US","og_type":"article","og_title":"Jak kupi\u0107 mieszkanie w hiszpanii? - ebook - Shop Medal Booking","og_description":"Decyduj\u0105c si\u0119 na kupno mieszkania za granic\u0105 podejmujemy bardzo wa\u017cny krok. Inwestycja nie uda si\u0119 je\u017celi nie mamy rozeznania w realiach kraju. Do podj\u0119cia takiej decyzji powinni\u015bmy si\u0119 przygotowa\u0107 w czym mo\u017ce nam pom\u00f3c poni\u017cszy ebook &#8211; Jak kupi\u0107 mieszkanie w Hiszpanii? W tym ebooku zamie\u015bci\u0142em odpowiedzi na pytania, kt\u00f3re zadaj\u0105 mi znajomi i ludzie, [&hellip;]","og_url":"https:\/\/medalbooking.com\/shop\/product\/jak-kupic-mieszkanie-w-hiszpanii-ebook\/","og_site_name":"Shop Medal Booking","article_modified_time":"2024-08-10T10:11:33+00:00","og_image":[{"width":640,"height":423,"url":"https:\/\/medalbooking.com\/shop\/wp-content\/uploads\/2022\/03\/kindle-update-1560728_640.jpg","type":"image\/jpeg"}],"twitter_card":"summary_large_image","twitter_misc":{"Est. reading time":"2 minutes"},"schema":{"@context":"https:\/\/schema.org","@graph":[{"@type":"WebSite","@id":"https:\/\/medalbooking.com\/shop\/#website","url":"https:\/\/medalbooking.com\/shop\/","name":"Shop Medal Booking","description":"","potentialAction":[{"@type":"SearchAction","target":{"@type":"EntryPoint","urlTemplate":"https:\/\/medalbooking.com\/shop\/?s={search_term_string}"},"query-input":"required name=search_term_string"}],"inLanguage":"en"},{"@type":"ImageObject","@id":"https:\/\/medalbooking.com\/shop\/product\/jak-kupic-mieszkanie-w-hiszpanii-ebook\/#primaryimage","inLanguage":"en","url":"https:\/\/medalbooking.com\/shop\/wp-content\/uploads\/2022\/03\/kindle-update-1560728_640.jpg","contentUrl":"https:\/\/medalbooking.com\/shop\/wp-content\/uploads\/2022\/03\/kindle-update-1560728_640.jpg","width":640,"height":423},{"@type":"WebPage","@id":"https:\/\/medalbooking.com\/shop\/product\/jak-kupic-mieszkanie-w-hiszpanii-ebook\/#webpage","url":"https:\/\/medalbooking.com\/shop\/product\/jak-kupic-mieszkanie-w-hiszpanii-ebook\/","name":"Jak kupi\u0107 mieszkanie w hiszpanii? - ebook - Shop Medal Booking","isPartOf":{"@id":"https:\/\/medalbooking.com\/shop\/#website"},"primaryImageOfPage":{"@id":"https:\/\/medalbooking.com\/shop\/product\/jak-kupic-mieszkanie-w-hiszpanii-ebook\/#primaryimage"},"datePublished":"2022-03-21T11:31:59+00:00","dateModified":"2024-08-10T10:11:33+00:00","breadcrumb":{"@id":"https:\/\/medalbooking.com\/shop\/product\/jak-kupic-mieszkanie-w-hiszpanii-ebook\/#breadcrumb"},"inLanguage":"en","potentialAction":[{"@type":"ReadAction","target":["https:\/\/medalbooking.com\/shop\/product\/jak-kupic-mieszkanie-w-hiszpanii-ebook\/"]}]},{"@type":"BreadcrumbList","@id":"https:\/\/medalbooking.com\/shop\/product\/jak-kupic-mieszkanie-w-hiszpanii-ebook\/#breadcrumb","itemListElement":[{"@type":"ListItem","position":1,"name":"Home","item":"https:\/\/medalbooking.com\/shop\/"},{"@type":"ListItem","position":2,"name":"Shop","item":"https:\/\/medalbooking.com\/shop\/"},{"@type":"ListItem","position":3,"name":"Jak kupi\u0107 mieszkanie w hiszpanii? &#8211; ebook"}]}]}},"_links":{"self":[{"href":"https:\/\/medalbooking.com\/shop\/wp-json\/wp\/v2\/product\/59"}],"collection":[{"href":"https:\/\/medalbooking.com\/shop\/wp-json\/wp\/v2\/product"}],"about":[{"href":"https:\/\/medalbooking.com\/shop\/wp-json\/wp\/v2\/types\/product"}],"replies":[{"embeddable":true,"href":"https:\/\/medalbooking.com\/shop\/wp-json\/wp\/v2\/comments?post=59"}],"wp:featuredmedia":[{"embeddable":true,"href":"https:\/\/medalbooking.com\/shop\/wp-json\/wp\/v2\/media\/72"}],"wp:attachment":[{"href":"https:\/\/medalbooking.com\/shop\/wp-json\/wp\/v2\/media?parent=59"}],"wp:term":[{"taxonomy":"product_cat","embeddable":true,"href":"https:\/\/medalbooking.com\/shop\/wp-json\/wp\/v2\/product_cat?post=59"},{"taxonomy":"product_tag","embeddable":true,"href":"https:\/\/medalbooking.com\/shop\/wp-json\/wp\/v2\/product_tag?post=59"}],"curies":[{"name":"wp","href":"https:\/\/api.w.org\/{rel}","templated":true}]}}